 2384, -y*b - 18 = 2. What are the prime factors of t?
601
Suppose -2*d + 3*b + 34036 = 0, -16*d + 4*b + 51057 = -13*d. List the prime factors of d.
17027
List the prime factors of (-28)/(-28) - 8/2*4105/(-4).
2, 2053
What are the prime factors of ((-11)/4)/((-5)/(-21760)*-4)?
2, 11, 17
Let p(y) be the third derivative of -y**6/120 + y**5/10 + 5*y**4/12 - 8*y**3/3 - 31*y**2. Let g be p(7). List the prime factors of 21/g*(2 + 29 + -6).
3, 5, 7
Suppose -31*q - 12600 = -33*q - 2*v, 2*v = 3*q - 18905. List the prime factors of q.
6301
Let x = -86 + 95. Suppose -5*k + 3*y + 431 = 0, 2*y = -y + x. Suppose -7*n = -164 - k. What are the prime factors of n?
2, 3
Suppose -h - 64604 = -5*g, 4*h + 51664 = g + 3*g. What are the prime factors of g?
2, 7, 13, 71
Let x = 9253 - 8573. What are the prime factors of x?
2, 5, 17
Let p(m) = 6*m**2 - 9*m - 49. Let t be p(11). Suppose 4*v - 4*c = 1660, t + 1491 = 5*v - 3*c. What are the prime factors of v?
2, 103
Let s(v) = 10*v - 12. Let q be s(-5). Let h = 50 + q. List the prime factors of ((-112)/h)/((-3)/(-9)).
2, 7
Let j(m) = 3 + 0 - 7*m + 7 - 2 - 39*m + 2*m**3 + 2*m**2. List the prime factors of j(7).
2, 5, 47
Let f(b) = -24 + 14*b - 29*b + 53*b. Let u be f(13). Let k = u + -264. List the prime factors of k.
2, 103
Let g(c) = -5055*c**3 - 3*c**2 - 9*c - 6. What are the prime factors of g(-1)?
3, 5, 337
Suppose -2*v + 5516 = -2*x, 3*v - 8*v + 2*x = -13790. What are the prime factors of v?
2, 7, 197
Let w(v) be the third derivative of -v**4/8 - 2*v**3/3 - 13*v**2. Let y be w(-5). Suppose -17*t + 1260 = -y*t. What are the prime factors of t?
2, 3, 5, 7
Let w = 17 - -15. Suppose -6*j + 8 = w. What are the prime factors of 3/(-8 - j - 564/(-140))?
3, 5, 7
Let l be -6 - (55/(-5) - -3). Suppose -8 = -l*b, 2*y + 2*b - 835 = 77. List the prime factors of y.
2, 113
Let u be 632 + 3 + 4/4. Suppose u = 2*a - 144. Suppose 0 = -4*l - 2*y + 526, -2*l + a = l - 3*y. List the prime factors of l.
131
Let b be ((-10)/(-3))/(6/27). Let f be b/6*(-32)/(-40). Suppose 2*q + f*z - 14 = 0, 0 = 3*q + 4*z - 29 + 6. List the prime factors of q.
5
Let a be (-20)/80 + -1*18/(-8). Suppose a*r - 20 = 5*x + 169, 3 = -r. List the prime factors of (-366)/x*3 + 4/(-26).
2, 7
Suppose 2*l = 4 + 6, 5*l = 4*y - 1327. Let r = y - -56. Suppose -5*p + 2*z = -636, -2*p + 5*z = -5*p + r. List the prime factors of p.
2
Suppose -311 = -2*o - 45. Suppose -2*q - 116 = -4*p, 19*p - 4*q = 20*p - 11. Let w = o + p. List the prime factors of w.
2, 5
Let x(h) = 32*h**3 - h**2 + 8*h - 15. Suppose -2 = -2*s + s. What are the prime factors of x(s)?
11, 23
Suppose -m + 134786 = 5*t, 8*m - 10*m = -t + 26966. List the prime factors of t.
2, 3, 4493
Let b(x) = 9*x - 49. Let c be b(6). Suppose c*f = 7*f - 582. Let t = f + -125. List the prime factors of t.
2, 83
Let u(k) = k**2 + 2*k - 3. Let p be u(2). Let y = 5189 + -5185. Suppose -o + 44 + 37 = q, 0 = p*q + y*o - 409. What are the prime factors of q?
5, 17
Suppose 8*u - 2420 = 1758 + 4446. What are the prime factors of u?
2, 7, 11
Let r be 39267/15 - (-8)/(-10). Let w = r + -1589. What are the prime factors of w?
2, 257
Let x = -288 - -852. Suppose -8*i = -68 + x. Let u = 201 + i. List the prime factors of u.
139
Suppose -v - 4*l = -66412 + 18855, 3*l = -2*v + 95114. What are the prime factors of v?
19, 2503
Let d(c) = -c - 17. Let z be d(-14). What are the prime factors of (z - 7)/(-5) + 0 - -50?
2, 13
Let x(g) = 19916*g + 5653. List the prime factors of x(2).
5, 11, 827
Suppose -833 = -9*j + 3766. List the prime factors of j.
7, 73
Let l = -247 - -6503. List the prime factors of l.
2, 17, 23
Let r(i) = -i**2 - 210*i + 340. What are the prime factors of r(-61)?
3, 7, 449
Suppose 1795 = 3*c + 493. Let q = -155 + c. List the prime factors of q.
3, 31
Let y be 4/22 + (-599431)/(-77). Suppose 27*w = 12*w + y. What are the prime factors of w?
3, 173
Suppose 0 = 3*r - a - 23215, -48*r - 38725 = -53*r - 5*a. List the prime factors of r.
2, 3, 5, 43
Suppose -6*t = -8385 - 13167. Suppose 4*z = 4*d - 4756, -3*d + t = 6*z - 4*z. List the prime factors of d.
2, 3, 199
Suppose 3*w + 74 = 5*w. Let b = w - 38. What are the prime factors of b - (1 - 11)/(1/10)?
3, 11
Let c(j) = -48*j - 5. Let a(y) = -48*y - 6. Let u(p) = 4*a(p) - 3*c(p). Suppose -52*t - 29*t - 47 = 115. List the prime factors of u(t).
3, 29
Suppose -164 = -3*m + 286. Suppose g = -4*r + m, 2*g - 4 = -8. Suppose -r - 33 = -x. What are the prime factors of x?
71
Let w be (-4)/2 - (-258)/43. Suppose -a + 3*v + 416 = 0, -2*a + 1165 = -w*v + 323. List the prime factors of a.
431
Let o be ((-9)/26 + (-6)/39)*-4. Let d(s) = 4*s**3 - s**o - 5 - 1 - s - 8*s**3 + 3. What are the prime factors of d(-2)?
3
Let y(l) = 2*l**3 + 90*l**2 - 147*l + 30. List the prime factors of y(-43).
59, 233
Suppose 480 = 19*d - 14*d. Let z be 170/(-4)*d/(-20). Let h = z - 132. List the prime factors of h.
2, 3
Suppose 5*q = 3*k - 71015, -23*k + 26*k - 71030 = 2*q. List the prime factors of k.
2, 5, 37
Let h = -750 - -745. Let r(o) = -267*o + 258. List the prime factors of r(h).
3, 59
Let d = -552 - -558. Suppose f - 2728 = -5*x, d*x - 2186 = 2*x + f. List the prime factors of x.
2, 3, 7, 13
Suppose 4*o + 5653 = d + 978, 2*d - 2*o - 9338 = 0. List the prime factors of d.
13, 359
Suppose -3*i - 4*j = 314, 3*j + 14 = -1. Suppose -4*w + 9*w + 5252 = 57*w. Let k = w + i. What are the prime factors of k?
3
Suppose 4*i - 88773 - 228123 = 3*p, -p + 79238 = i. List the prime factors of i.
2, 3, 5, 19, 139
Let v(b) = 61 - b - 2*b**2 - 5*b + 3*b**2 - 54. Let y be v(5). List the prime factors of (-48 + -1)/(3/y - 2).
2, 7
Let o be -1 + 7 + 3 + 16. Suppose 4*b = 2*r + 2324, -5*b + o*r - 22*r = -2904. List the prime factors of b.
2, 3, 97
Suppose s = 5*s + 936. Let f = 518 + s. What are the prime factors of f?
2, 71
Suppose 4*k - p = 2*k + 53, -k + 31 = -2*p. What are the prime factors of 30/k*915/2?
3, 61
Let t = -4050 + 15219. What are the prime factors of t?
3, 17, 73
Let d = 9720 + -4621. List the prime factors of d.
5099
Suppose 0 = -3*m + 6*m + 5*q - 25, 3 = -3*q. What are the prime factors of -2 - ((-8)/(16/m) + -903)?
2, 3, 151
Let m = 36462 + -31440. List the prime factors of m.
2, 3, 31
Suppose 354*p - 77600 = 322*p. What are the prime factors of p?
5, 97
Let m = -634 + 2363. Let c = -644 + m. List the prime factors of c.
5, 7, 31
Let m(k) = -2*k**3 + 217*k**2 + 147*k - 35. What are the prime factors of m(109)?
3, 37
Let y(o) = 10*o**2 + 4*o. Suppose 9*v = v + 16. Suppose 5*u + 2*p + 4 = 6*p, -v*u + 8 = -4*p. List the prime factors of y(u).
2, 3
Let t(b) = -8*b - 39. Let l be t(-6). Suppose 15 = 3*v + l. What are the prime factors of v?
2
What are the prime factors of -1 - -8 - 3 - (-2 - 4712)?
2, 7, 337
List the prime factors of (-15568)/(-2) - (-650)/50.
3, 23, 113
Let q be (70/140)/((-1)/(-326)). Suppose -157*k - 8130 = -q*k. List the prime factors of k.
5, 271
Let f(h) = -13*h + 15*h**2 + 14*h + 2 - 16*h. List the prime factors of f(-7).
2, 421
Suppose -4 - 2 = 2*f, 977 = a + 2*f. Let j = a - 665. Let n = -157 + j. List the prime factors of n.
7, 23
Let x(l) = -l**2 - 14*l + 54. Let b be x(-17). Suppose -4*t + 40 + 586 = b*c, 8 = -2*t. Let o = c - 132. What are the prime factors of o?
2, 41
List the prime factors of (4 + -2 - 0)/2 - 29217/(-3).
2, 5, 487
Suppose 4*i + 20 = 0, 5*s - 7*i + 390 = -9*i. Let p = s + 917. List the prime factors of p.
29
Let u(m) = 14*m**2 + 9*m - 1. Let k be 42/(-8) + ((-132)/48 - -3). List the prime factors of u(k).
2, 19
What are the prime factors of (55734/8)/((-658)/(-235) - 41/20)?
7, 1327
Let v be (-46)/(-5) + (-6)/30. Suppose -n = -4*n + v. Suppose n*m + 264 = 6*m. List the prime factors of m.
2, 11
Let m(d) = -9*d - 162. Let h be m(-18). Suppose -a + 3*n = -14, h*a - a - 4*n = -42. What are the prime factors of a?
2, 13
Let k(p) = p**2 + 7*p + 14. Let w be k(-4). Suppose -3*b - s + 124 = -w*s, -s + 220 = 5*b. What are the prime factors of b?
43
Let g = 16824 + 1941. List the prime factors of g.
3, 5, 139
Let d(s) = 6*s - 1. Suppose 4*h + 118 = -2*y, 0*h = -h. Let x = -54 - y. What are the prime factors of d(x)?
29
Let k = -244 + 240. Let a(n) be the first derivative of 2*n**3/3 - 3*n**2 - 9*n - 1. List the prime factors of a(k).
47
Let y(t) = 124*t - 113 + 